{"id":26,"date":"2024-05-13T17:17:15","date_gmt":"2024-05-13T15:17:15","guid":{"rendered":"https:\/\/chambre-amoureux.com\/?page_id=26"},"modified":"2024-05-13T17:20:58","modified_gmt":"2024-05-13T15:20:58","slug":"3-choses-essentielles-a-savoir-a-propos-des-love-rooms","status":"publish","type":"page","link":"https:\/\/chambre-amoureux.com\/3-choses-essentielles-a-savoir-a-propos-des-love-rooms\/","title":{"rendered":"3 choses essentielles a savoir a propos des love rooms"},"content":{"rendered":"\n<p>Avec les changements que conna\u00eet le monde actuel, les besoins des couples \u00e9voluent et les exigences sont plus accentu\u00e9es. En effet, pour ce qui concerne l\u2019h\u00e9bergement locatif par exemple, les couples sont de plus en plus exigeants en termes d\u2019originalit\u00e9. Cette exigence a vu na\u00eetre la love room qui a beaucoup \u00e0 offrir en mati\u00e8re de nouvelle exp\u00e9rience. Voici 3&nbsp;choses essentielles \u00e0 savoir \u00e0 propos de la love room.<\/p>\n\n\n\n<h2 class=\"wp-block-heading\">Love room: qu\u2019est-ce que c\u2019est\u2009?<\/h2>\n\n\n\n<p>Con\u00e7ue pour les couples d\u00e9sireux de se retrouver dans un cadre romantique et intimiste, une love room est en r\u00e9alit\u00e9 un h\u00e9bergement locatif sp\u00e9cial qui se distingue de tous les autres types d\u2019h\u00e9bergement locatif. Il est en effet question de maisons ou d\u2019appartements \u00e9quip\u00e9s de mani\u00e8re luxueuse avec des prestations haut de gamme. Notez que ces types d\u2019appartements contribuent grandement \u00e0 rendre agr\u00e9able et inoubliable le s\u00e9jour des amoureux.<\/p>\n\n\n\n<figure class=\"wp-block-image size-large\"><img decoding=\"async\" src=\"https:\/\/chambreamoureux.files.wordpress.com\/2024\/02\/56394c6c02303c84209559dd05d2f6ee.jpg?w=750\" alt=\"\" class=\"wp-image-438\"\/><\/figure>\n\n\n\n<p>Par ailleurs, ces types d\u2019h\u00e9bergements offrent un cadre id\u00e9al pour les escapades romantiques, les demandes en mariage ou les anniversaires de mariage. Ils offrent \u00e9galement un cadre pour profiter d\u2019un moment en compagnie d\u2019une <a href=\"https:\/\/www.planculsnap.com\/\">escort de Paris<\/a> loin du quotidien.<\/p>\n\n\n\n<h2 class=\"wp-block-heading\">Les caract\u00e9ristiques d\u2019une love room<\/h2>\n\n\n\n<p>Une love room pr\u00e9sente des caract\u00e9ristiques sp\u00e9cifiques qui la particularise. Au nombre de ces derni\u00e8res, on distingue un emplacement id\u00e9al. En effet, les love rooms sont g\u00e9n\u00e9ralement situ\u00e9s dans des quartiers calmes et paisibles permettant aux couples de profiter pleinement de leur intimit\u00e9 et de passer un moment agr\u00e9able.<\/p>\n\n\n\n<p>Une love room pr\u00e9sente des caract\u00e9ristiques sp\u00e9cifiques qui la particularise. Au nombre de ces derni\u00e8res, on distingue un emplacement id\u00e9al. En effet, les love rooms sont g\u00e9n\u00e9ralement situ\u00e9s dans des quartiers calmes et paisibles permettant aux couples de profiter pleinement de leur intimit\u00e9 et de passer un moment agr\u00e9able.<\/p>\n\n\n\n<figure class=\"wp-block-image aligncenter size-large\"><img decoding=\"async\" src=\"https:\/\/chambreamoureux.files.wordpress.com\/2024\/02\/a74bd4a3abd9cd575153170b015fd519.jpg?w=1024\" alt=\"\" class=\"wp-image-440\"\/><\/figure>\n\n\n\n<p>Une love room pr\u00e9sente \u00e9galement une d\u00e9coration non seulement soign\u00e9e, mais aussi romantique. Notez que la d\u00e9coration d\u2019une love room est habituellement r\u00e9alis\u00e9e de telle mani\u00e8re \u00e0 favoriser une ambiance sensuelle et romantique. Cela prend en compte le choix des couleurs, la literie, les tableaux, les miroirs, les bougies et autres objets d\u00e9coratifs.<br><\/p>\n\n\n\n<p>Notez par ailleurs que les \u00e9quipements qui composent la d\u00e9coration int\u00e9rieure des love rooms sont luxueux et haut de gamme. En effet, tout est pens\u00e9 au d\u00e9tail pr\u00e8s pour rendre inoubliable le s\u00e9jour des couples ou des amoureux. Il faut \u00e9galement rappeler que les services personnalis\u00e9s des love rooms se distinguent consid\u00e9rablement de ceux des h\u00e9bergements locatifs traditionnels et regroupent entre autres la livraison de petits d\u00e9jeuners, la possibilit\u00e9 de r\u00e9server des soins et massages et enfin la possibilit\u00e9 de r\u00e9server dans des restaurants partenaires, des d\u00eeners aux chandelles.<\/p>\n\n\n\n<h2 class=\"wp-block-heading\">Les avantages de la location d\u2019une love room<\/h2>\n\n\n\n<figure class=\"wp-block-image aligncenter size-large\"><img decoding=\"async\" src=\"https:\/\/chambreamoureux.files.wordpress.com\/2024\/02\/156bc1948d0c83a6ccf1184d84be59ae.jpg?w=1024\" alt=\"\" class=\"wp-image-441\"\/><\/figure>\n\n\n\n<p>En optant pour la location d\u2019une love room, vous b\u00e9n\u00e9ficiez d\u2019un nombre consid\u00e9rable d\u2019avantages, dont une intimit\u00e9 et une discr\u00e9tion totale. Ainsi, vous pourrez vous \u00e9vader de votre quotidien et passer un moment romantique en toute tranquillit\u00e9. Vous b\u00e9n\u00e9ficiez \u00e9galement d\u2019un cadre diff\u00e9rent et plus appropri\u00e9 pour passer des moments sensuels et inoubliables. En effet, le cadre qu\u2019offrent les love rooms est diff\u00e9rent de celui habituel des chambres d\u2019h\u00f4tel classiques et de celui de la maison.<br><br><br>De plus, avec une love room, vous n\u2019\u00eates pas expos\u00e9 aux distractions. Cela vous permet d\u2019\u00eatre pleinement concentr\u00e9 sur votre partenaire. C\u2019est une occasion r\u00eav\u00e9e pour renforcer les liens et consolider votre couple.<\/p>\n\n\n\n<h2 class=\"wp-block-heading\"><br><\/h2>\n\n\n\n<p><\/p>\n\n\n","protected":false},"excerpt":{"rendered":"<p>Avec les changements que conna\u00eet le monde actuel, les besoins des couples \u00e9voluent et les exigences sont plus accentu\u00e9es. En [&hellip;]<\/p>\n","protected":false},"author":1,"featured_media":0,"parent":0,"menu_order":0,"comment_status":"closed","ping_status":"closed","template":"","meta":{"site-sidebar-layout":"default","site-content-layout":"","ast-site-content-layout":"default","site-content-style":"default","site-sidebar-style":"default","ast-global-header-display":"","ast-banner-title-visibility":"","ast-main-header-display":"","ast-hfb-above-header-display":"","ast-hfb-below-header-display":"","ast-hfb-mobile-header-display":"","site-post-title":"","ast-breadcrumbs-content":"","ast-featured-img":"","footer-sml-layout":"","ast-disable-related-posts":"","theme-transparent-header-meta":"","adv-header-id-meta":"","stick-header-meta":"","header-above-stick-meta":"","header-main-stick-meta":"","header-below-stick-meta":"","astra-migrate-meta-layouts":"default","ast-page-background-enabled":"default","ast-page-background-meta":{"desktop":{"background-color":"var(--ast-global-color-4)","background-image":"","background-repeat":"repeat","background-position":"center center","background-size":"auto","background-attachment":"scroll","background-type":"","background-media":"","overlay-type":"","overlay-color":"","overlay-opacity":"","overlay-gradient":""},"tablet":{"background-color":"","background-image":"","background-repeat":"repeat","background-position":"center center","background-size":"auto","background-attachment":"scroll","background-type":"","background-media":"","overlay-type":"","overlay-color":"","overlay-opacity":"","overlay-gradient":""},"mobile":{"background-color":"","background-image":"","background-repeat":"repeat","background-position":"center center","background-size":"auto","background-attachment":"scroll","background-type":"","background-media":"","overlay-type":"","overlay-color":"","overlay-opacity":"","overlay-gradient":""}},"ast-content-background-meta":{"desktop":{"background-color":"var(--ast-global-color-5)","background-image":"","background-repeat":"repeat","background-position":"center center","background-size":"auto","background-attachment":"scroll","background-type":"","background-media":"","overlay-type":"","overlay-color":"","overlay-opacity":"","overlay-gradient":""},"tablet":{"background-color":"var(--ast-global-color-5)","background-image":"","background-repeat":"repeat","background-position":"center center","background-size":"auto","background-attachment":"scroll","background-type":"","background-media":"","overlay-type":"","overlay-color":"","overlay-opacity":"","overlay-gradient":""},"mobile":{"background-color":"var(--ast-global-color-5)","background-image":"","background-repeat":"repeat","background-position":"center center","background-size":"auto","background-attachment":"scroll","background-type":"","background-media":"","overlay-type":"","overlay-color":"","overlay-opacity":"","overlay-gradient":""}},"footnotes":""},"class_list":["post-26","page","type-page","status-publish","hentry"],"yoast_head":"<!-- This site is optimized with the Yoast SEO plugin v27.4 - https:\/\/yoast.com\/product\/yoast-seo-wordpress\/ -->\n<title>3 choses essentielles a savoir a propos des love rooms -<\/title>\n<meta name=\"robots\" content=\"index, follow, max-snippet:-1, max-image-preview:large, max-video-preview:-1\" \/>\n<link rel=\"canonical\" href=\"https:\/\/chambre-amoureux.com\/3-choses-essentielles-a-savoir-a-propos-des-love-rooms\/\" \/>\n<meta property=\"og:locale\" content=\"fr_FR\" \/>\n<meta property=\"og:type\" content=\"article\" \/>\n<meta property=\"og:title\" content=\"3 choses essentielles a savoir a propos des love rooms -\" \/>\n<meta property=\"og:description\" content=\"Avec les changements que conna\u00eet le monde actuel, les besoins des couples \u00e9voluent et les exigences sont plus accentu\u00e9es. En [&hellip;]\" \/>\n<meta property=\"og:url\" content=\"https:\/\/chambre-amoureux.com\/3-choses-essentielles-a-savoir-a-propos-des-love-rooms\/\" \/>\n<meta property=\"article:modified_time\" content=\"2024-05-13T15:20:58+00:00\" \/>\n<meta name=\"twitter:card\" content=\"summary_large_image\" \/>\n<meta name=\"twitter:label1\" content=\"Dur\u00e9e de lecture estim\u00e9e\" \/>\n\t<meta name=\"twitter:data1\" content=\"3 minutes\" \/>\n<script type=\"application\/ld+json\" class=\"yoast-schema-graph\">{\"@context\":\"https:\\\/\\\/schema.org\",\"@graph\":[{\"@type\":\"WebPage\",\"@id\":\"https:\\\/\\\/chambre-amoureux.com\\\/3-choses-essentielles-a-savoir-a-propos-des-love-rooms\\\/\",\"url\":\"https:\\\/\\\/chambre-amoureux.com\\\/3-choses-essentielles-a-savoir-a-propos-des-love-rooms\\\/\",\"name\":\"3 choses essentielles a savoir a propos des love rooms -\",\"isPartOf\":{\"@id\":\"https:\\\/\\\/chambre-amoureux.com\\\/#website\"},\"primaryImageOfPage\":{\"@id\":\"https:\\\/\\\/chambre-amoureux.com\\\/3-choses-essentielles-a-savoir-a-propos-des-love-rooms\\\/#primaryimage\"},\"image\":{\"@id\":\"https:\\\/\\\/chambre-amoureux.com\\\/3-choses-essentielles-a-savoir-a-propos-des-love-rooms\\\/#primaryimage\"},\"thumbnailUrl\":\"https:\\\/\\\/chambreamoureux.files.wordpress.com\\\/2024\\\/02\\\/56394c6c02303c84209559dd05d2f6ee.jpg?w=750\",\"datePublished\":\"2024-05-13T15:17:15+00:00\",\"dateModified\":\"2024-05-13T15:20:58+00:00\",\"breadcrumb\":{\"@id\":\"https:\\\/\\\/chambre-amoureux.com\\\/3-choses-essentielles-a-savoir-a-propos-des-love-rooms\\\/#breadcrumb\"},\"inLanguage\":\"fr-FR\",\"potentialAction\":[{\"@type\":\"ReadAction\",\"target\":[\"https:\\\/\\\/chambre-amoureux.com\\\/3-choses-essentielles-a-savoir-a-propos-des-love-rooms\\\/\"]}]},{\"@type\":\"ImageObject\",\"inLanguage\":\"fr-FR\",\"@id\":\"https:\\\/\\\/chambre-amoureux.com\\\/3-choses-essentielles-a-savoir-a-propos-des-love-rooms\\\/#primaryimage\",\"url\":\"https:\\\/\\\/chambreamoureux.files.wordpress.com\\\/2024\\\/02\\\/56394c6c02303c84209559dd05d2f6ee.jpg?w=750\",\"contentUrl\":\"https:\\\/\\\/chambreamoureux.files.wordpress.com\\\/2024\\\/02\\\/56394c6c02303c84209559dd05d2f6ee.jpg?w=750\"},{\"@type\":\"BreadcrumbList\",\"@id\":\"https:\\\/\\\/chambre-amoureux.com\\\/3-choses-essentielles-a-savoir-a-propos-des-love-rooms\\\/#breadcrumb\",\"itemListElement\":[{\"@type\":\"ListItem\",\"position\":1,\"name\":\"Home\",\"item\":\"https:\\\/\\\/chambre-amoureux.com\\\/\"},{\"@type\":\"ListItem\",\"position\":2,\"name\":\"3 choses essentielles a savoir a propos des love rooms\"}]},{\"@type\":\"WebSite\",\"@id\":\"https:\\\/\\\/chambre-amoureux.com\\\/#website\",\"url\":\"https:\\\/\\\/chambre-amoureux.com\\\/\",\"name\":\"Chambre Amoureux\",\"description\":\"Tout pour votre chambre d&#039;amour\",\"publisher\":{\"@id\":\"https:\\\/\\\/chambre-amoureux.com\\\/#organization\"},\"potentialAction\":[{\"@type\":\"SearchAction\",\"target\":{\"@type\":\"EntryPoint\",\"urlTemplate\":\"https:\\\/\\\/chambre-amoureux.com\\\/?s={search_term_string}\"},\"query-input\":{\"@type\":\"PropertyValueSpecification\",\"valueRequired\":true,\"valueName\":\"search_term_string\"}}],\"inLanguage\":\"fr-FR\"},{\"@type\":\"Organization\",\"@id\":\"https:\\\/\\\/chambre-amoureux.com\\\/#organization\",\"name\":\"Chambre Amoureux\",\"url\":\"https:\\\/\\\/chambre-amoureux.com\\\/\",\"logo\":{\"@type\":\"ImageObject\",\"inLanguage\":\"fr-FR\",\"@id\":\"https:\\\/\\\/chambre-amoureux.com\\\/#\\\/schema\\\/logo\\\/image\\\/\",\"url\":\"https:\\\/\\\/chambre-amoureux.com\\\/wp-content\\\/uploads\\\/2025\\\/10\\\/cropped-cropped-beaute-removebg-preview.png\",\"contentUrl\":\"https:\\\/\\\/chambre-amoureux.com\\\/wp-content\\\/uploads\\\/2025\\\/10\\\/cropped-cropped-beaute-removebg-preview.png\",\"width\":343,\"height\":318,\"caption\":\"Chambre Amoureux\"},\"image\":{\"@id\":\"https:\\\/\\\/chambre-amoureux.com\\\/#\\\/schema\\\/logo\\\/image\\\/\"}}]}<\/script>\n<!-- \/ Yoast SEO plugin. -->","yoast_head_json":{"title":"3 choses essentielles a savoir a propos des love rooms -","robots":{"index":"index","follow":"follow","max-snippet":"max-snippet:-1","max-image-preview":"max-image-preview:large","max-video-preview":"max-video-preview:-1"},"canonical":"https:\/\/chambre-amoureux.com\/3-choses-essentielles-a-savoir-a-propos-des-love-rooms\/","og_locale":"fr_FR","og_type":"article","og_title":"3 choses essentielles a savoir a propos des love rooms -","og_description":"Avec les changements que conna\u00eet le monde actuel, les besoins des couples \u00e9voluent et les exigences sont plus accentu\u00e9es. En [&hellip;]","og_url":"https:\/\/chambre-amoureux.com\/3-choses-essentielles-a-savoir-a-propos-des-love-rooms\/","article_modified_time":"2024-05-13T15:20:58+00:00","twitter_card":"summary_large_image","twitter_misc":{"Dur\u00e9e de lecture estim\u00e9e":"3 minutes"},"schema":{"@context":"https:\/\/schema.org","@graph":[{"@type":"WebPage","@id":"https:\/\/chambre-amoureux.com\/3-choses-essentielles-a-savoir-a-propos-des-love-rooms\/","url":"https:\/\/chambre-amoureux.com\/3-choses-essentielles-a-savoir-a-propos-des-love-rooms\/","name":"3 choses essentielles a savoir a propos des love rooms -","isPartOf":{"@id":"https:\/\/chambre-amoureux.com\/#website"},"primaryImageOfPage":{"@id":"https:\/\/chambre-amoureux.com\/3-choses-essentielles-a-savoir-a-propos-des-love-rooms\/#primaryimage"},"image":{"@id":"https:\/\/chambre-amoureux.com\/3-choses-essentielles-a-savoir-a-propos-des-love-rooms\/#primaryimage"},"thumbnailUrl":"https:\/\/chambreamoureux.files.wordpress.com\/2024\/02\/56394c6c02303c84209559dd05d2f6ee.jpg?w=750","datePublished":"2024-05-13T15:17:15+00:00","dateModified":"2024-05-13T15:20:58+00:00","breadcrumb":{"@id":"https:\/\/chambre-amoureux.com\/3-choses-essentielles-a-savoir-a-propos-des-love-rooms\/#breadcrumb"},"inLanguage":"fr-FR","potentialAction":[{"@type":"ReadAction","target":["https:\/\/chambre-amoureux.com\/3-choses-essentielles-a-savoir-a-propos-des-love-rooms\/"]}]},{"@type":"ImageObject","inLanguage":"fr-FR","@id":"https:\/\/chambre-amoureux.com\/3-choses-essentielles-a-savoir-a-propos-des-love-rooms\/#primaryimage","url":"https:\/\/chambreamoureux.files.wordpress.com\/2024\/02\/56394c6c02303c84209559dd05d2f6ee.jpg?w=750","contentUrl":"https:\/\/chambreamoureux.files.wordpress.com\/2024\/02\/56394c6c02303c84209559dd05d2f6ee.jpg?w=750"},{"@type":"BreadcrumbList","@id":"https:\/\/chambre-amoureux.com\/3-choses-essentielles-a-savoir-a-propos-des-love-rooms\/#breadcrumb","itemListElement":[{"@type":"ListItem","position":1,"name":"Home","item":"https:\/\/chambre-amoureux.com\/"},{"@type":"ListItem","position":2,"name":"3 choses essentielles a savoir a propos des love rooms"}]},{"@type":"WebSite","@id":"https:\/\/chambre-amoureux.com\/#website","url":"https:\/\/chambre-amoureux.com\/","name":"Chambre Amoureux","description":"Tout pour votre chambre d&#039;amour","publisher":{"@id":"https:\/\/chambre-amoureux.com\/#organization"},"potentialAction":[{"@type":"SearchAction","target":{"@type":"EntryPoint","urlTemplate":"https:\/\/chambre-amoureux.com\/?s={search_term_string}"},"query-input":{"@type":"PropertyValueSpecification","valueRequired":true,"valueName":"search_term_string"}}],"inLanguage":"fr-FR"},{"@type":"Organization","@id":"https:\/\/chambre-amoureux.com\/#organization","name":"Chambre Amoureux","url":"https:\/\/chambre-amoureux.com\/","logo":{"@type":"ImageObject","inLanguage":"fr-FR","@id":"https:\/\/chambre-amoureux.com\/#\/schema\/logo\/image\/","url":"https:\/\/chambre-amoureux.com\/wp-content\/uploads\/2025\/10\/cropped-cropped-beaute-removebg-preview.png","contentUrl":"https:\/\/chambre-amoureux.com\/wp-content\/uploads\/2025\/10\/cropped-cropped-beaute-removebg-preview.png","width":343,"height":318,"caption":"Chambre Amoureux"},"image":{"@id":"https:\/\/chambre-amoureux.com\/#\/schema\/logo\/image\/"}}]}},"_links":{"self":[{"href":"https:\/\/chambre-amoureux.com\/index.php\/wp-json\/wp\/v2\/pages\/26","targetHints":{"allow":["GET"]}}],"collection":[{"href":"https:\/\/chambre-amoureux.com\/index.php\/wp-json\/wp\/v2\/pages"}],"about":[{"href":"https:\/\/chambre-amoureux.com\/index.php\/wp-json\/wp\/v2\/types\/page"}],"author":[{"embeddable":true,"href":"https:\/\/chambre-amoureux.com\/index.php\/wp-json\/wp\/v2\/users\/1"}],"replies":[{"embeddable":true,"href":"https:\/\/chambre-amoureux.com\/index.php\/wp-json\/wp\/v2\/comments?post=26"}],"version-history":[{"count":1,"href":"https:\/\/chambre-amoureux.com\/index.php\/wp-json\/wp\/v2\/pages\/26\/revisions"}],"predecessor-version":[{"id":27,"href":"https:\/\/chambre-amoureux.com\/index.php\/wp-json\/wp\/v2\/pages\/26\/revisions\/27"}],"wp:attachment":[{"href":"https:\/\/chambre-amoureux.com\/index.php\/wp-json\/wp\/v2\/media?parent=26"}],"curies":[{"name":"wp","href":"https:\/\/api.w.org\/{rel}","templated":true}]}}